{"id":208,"date":"2026-02-12T17:54:42","date_gmt":"2026-02-12T17:54:42","guid":{"rendered":"https:\/\/camping-lecastella.com\/?page_id=208"},"modified":"2026-02-12T17:54:42","modified_gmt":"2026-02-12T17:54:42","slug":"cgv","status":"publish","type":"page","link":"https:\/\/camping-lecastella.com\/index.php\/cgv\/","title":{"rendered":"CGV"},"content":{"rendered":"\n<div data-wp-interactive=\"core\/file\" class=\"wp-block-file\"><object data-wp-bind--hidden=\"!state.hasPdfPreview\" hidden class=\"wp-block-file__embed\" data=\"https:\/\/camping-lecastella.com\/wp-content\/uploads\/2026\/02\/condition-generale-final.pdf\" type=\"application\/pdf\" style=\"width:100%;height:600px\" aria-label=\"Contenu embarqu\u00e9 condition g\u00e9n\u00e9rale final.\"><\/object><a id=\"wp-block-file--media-9ba04870-eda5-4cd7-b327-62a6e59a3696\" href=\"https:\/\/camping-lecastella.com\/wp-content\/uploads\/2026\/02\/condition-generale-final.pdf\">condition g\u00e9n\u00e9rale final<\/a><a href=\"https:\/\/camping-lecastella.com\/wp-content\/uploads\/2026\/02\/condition-generale-final.pdf\" class=\"wp-block-file__button wp-element-button\" download aria-describedby=\"wp-block-file--media-9ba04870-eda5-4cd7-b327-62a6e59a3696\">T\u00e9l\u00e9charger<\/a><\/div>\n","protected":false},"excerpt":{"rendered":"","protected":false},"author":1,"featured_media":0,"parent":0,"menu_order":0,"comment_status":"closed","ping_status":"closed","template":"","meta":{"saved_in_kubio":false,"footnotes":""},"class_list":["post-208","page","type-page","status-publish","hentry"],"kubio_ai_page_context":{"short_desc":"","purpose":"general"},"_links":{"self":[{"href":"https:\/\/camping-lecastella.com\/index.php\/wp-json\/wp\/v2\/pages\/208","targetHints":{"allow":["GET"]}}],"collection":[{"href":"https:\/\/camping-lecastella.com\/index.php\/wp-json\/wp\/v2\/pages"}],"about":[{"href":"https:\/\/camping-lecastella.com\/index.php\/wp-json\/wp\/v2\/types\/page"}],"author":[{"embeddable":true,"href":"https:\/\/camping-lecastella.com\/index.php\/wp-json\/wp\/v2\/users\/1"}],"replies":[{"embeddable":true,"href":"https:\/\/camping-lecastella.com\/index.php\/wp-json\/wp\/v2\/comments?post=208"}],"version-history":[{"count":1,"href":"https:\/\/camping-lecastella.com\/index.php\/wp-json\/wp\/v2\/pages\/208\/revisions"}],"predecessor-version":[{"id":209,"href":"https:\/\/camping-lecastella.com\/index.php\/wp-json\/wp\/v2\/pages\/208\/revisions\/209"}],"wp:attachment":[{"href":"https:\/\/camping-lecastella.com\/index.php\/wp-json\/wp\/v2\/media?parent=208"}],"curies":[{"name":"wp","href":"https:\/\/api.w.org\/{rel}","templated":true}]}}